{"id":31,"date":"2019-02-19T18:17:21","date_gmt":"2019-02-19T18:17:21","guid":{"rendered":"http:\/\/groovecircle.ch.puls.ch-meta.net\/?page_id=31"},"modified":"2019-02-20T20:34:26","modified_gmt":"2019-02-20T20:34:26","slug":"ueber-uns","status":"publish","type":"page","link":"https:\/\/groovecircle.ch\/?page_id=31","title":{"rendered":"\u00dcber uns"},"content":{"rendered":"\n<h2 class=\"wp-block-heading\">\u00dcber uns<\/h2>\n\n\n\n<p>Wir sind eine Gruppe junger Schlagzeuger, die im Fr\u00fchling 2010 die Perkussionsgruppe <em>Groove Circle<\/em> gegr\u00fcndet haben, um eine v\u00f6llig neue Drum-Show zu kreieren.<\/p>\n\n\n\n<figure class=\"wp-block-video\"><iframe loading=\"lazy\" src=\"https:\/\/player.vimeo.com\/video\/48153933\" allowfullscreen=\"\" width=\"640\" height=\"360\" frameborder=\"0\"><\/iframe><\/figure>\n","protected":false},"excerpt":{"rendered":"<p>\u00dcber uns Wir sind eine Gruppe junger Schlagzeuger, die im Fr\u00fchling 2010 die Perkussionsgruppe Groove Circle gegr\u00fcndet haben, um eine v\u00f6llig neue Drum-Show zu kreieren.<\/p>\n","protected":false},"author":1,"featured_media":0,"parent":0,"menu_order":0,"comment_status":"closed","ping_status":"closed","template":"","meta":{"footnotes":""},"class_list":["post-31","page","type-page","status-publish","hentry"],"_links":{"self":[{"href":"https:\/\/groovecircle.ch\/index.php?rest_route=\/wp\/v2\/pages\/31"}],"collection":[{"href":"https:\/\/groovecircle.ch\/index.php?rest_route=\/wp\/v2\/pages"}],"about":[{"href":"https:\/\/groovecircle.ch\/index.php?rest_route=\/wp\/v2\/types\/page"}],"author":[{"embeddable":true,"href":"https:\/\/groovecircle.ch\/index.php?rest_route=\/wp\/v2\/users\/1"}],"replies":[{"embeddable":true,"href":"https:\/\/groovecircle.ch\/index.php?rest_route=%2Fwp%2Fv2%2Fcomments&post=31"}],"version-history":[{"count":4,"href":"https:\/\/groovecircle.ch\/index.php?rest_route=\/wp\/v2\/pages\/31\/revisions"}],"predecessor-version":[{"id":51,"href":"https:\/\/groovecircle.ch\/index.php?rest_route=\/wp\/v2\/pages\/31\/revisions\/51"}],"wp:attachment":[{"href":"https:\/\/groovecircle.ch\/index.php?rest_route=%2Fwp%2Fv2%2Fmedia&parent=31"}],"curies":[{"name":"wp","href":"https:\/\/api.w.org\/{rel}","templated":true}]}}